{"id":43,"date":"2019-04-22T11:59:43","date_gmt":"2019-04-22T09:59:43","guid":{"rendered":"http:\/\/art-therapeute.net\/?page_id=43"},"modified":"2020-10-04T22:54:53","modified_gmt":"2020-10-04T20:54:53","slug":"accueil","status":"publish","type":"page","link":"https:\/\/art-therapeute.net\/","title":{"rendered":"Bienvenue"},"content":{"rendered":"\n<p class=\"has-drop-cap\"><em>Vivre l&rsquo;exp\u00e9rience de l&rsquo;art-th\u00e9rapie analytique, c&rsquo;est saisir la main tendue de l&rsquo;inconscient \u2013 cet \u00e9tranger en nous, et le suivre \u00e0 travers les m\u00e9andres de ses images symboliques, jusqu&rsquo;aux contr\u00e9es inexplor\u00e9es de notre monde int\u00e9rieur.<\/em><\/p>\n\n\n\n<p> <\/p>\n\n\n\n<p><em>Sur ces chemins imaginaires<\/em><br><em>Relever le moindre indice<\/em><br><em>Exhumer les m\u00e9moires enfouies<\/em><br><em>Collecter les fragments d&rsquo;existence<\/em> <br><em>Les traces d&rsquo;histoires v\u00e9cues ou h\u00e9rit\u00e9es<\/em> <\/p>\n\n\n\n<p class=\"has-text-align-center\"><em>Rassembler les pi\u00e8ces du puzzle de notre \u00eatre.  <\/em><\/p>\n\n\n\n<p class=\"has-text-align-right\"><em> Au fil de ce parcours initiatique<\/em> <br><em> Soulever peu \u00e0 peu le voile<\/em> <br><em>Faire entrer la lumi\u00e8re dans la nuit de l&rsquo;\u00e2me <\/em><\/p>\n\n\n\n<p class=\"has-text-align-center\"><em> <br> Saluer l&rsquo;av\u00e8nement de cet aurore intime, qui relie tout en nous et nous relie au tout&#8230;<\/em><\/p>\n\n\n\n<p class=\"has-text-align-center\">  <\/p>\n\n\n\n<p> <\/p>\n\n\n\n<p class=\"has-text-align-right\">Myra Ebenstein<\/p>\n\n\n\n<p class=\"has-text-align-right\">  <\/p>\n\n\n\n<p><\/p>\n\n\n<p><!--EndFragment--><\/p>\n<p><\/p>\n\n\n<p> <\/p>\n\n\n\n<p><\/p>\n","protected":false},"excerpt":{"rendered":"<p>Vivre l&rsquo;exp\u00e9rience de l&rsquo;art-th\u00e9rapie analytique, c&rsquo;est saisir la main tendue de l&rsquo;inconscient \u2013 cet \u00e9tranger en nous, et le suivre \u00e0 travers les m\u00e9andres de ses images symboliques, jusqu&rsquo;aux contr\u00e9es inexplor\u00e9es de notre monde int\u00e9rieur. Sur ces chemins imaginairesRelever le moindre indiceExhumer les m\u00e9moires enfouiesCollecter les fragments d&rsquo;existence Les traces d&rsquo;histoires v\u00e9cues ou h\u00e9rit\u00e9es Rassembler &hellip; Continuer la lecture de &laquo;&nbsp;Bienvenue&nbsp;&raquo;<\/p>\n","protected":false},"author":1,"featured_media":0,"parent":0,"menu_order":0,"comment_status":"closed","ping_status":"closed","template":"","meta":[],"_links":{"self":[{"href":"https:\/\/art-therapeute.net\/index.php\/wp-json\/wp\/v2\/pages\/43"}],"collection":[{"href":"https:\/\/art-therapeute.net\/index.php\/wp-json\/wp\/v2\/pages"}],"about":[{"href":"https:\/\/art-therapeute.net\/index.php\/wp-json\/wp\/v2\/types\/page"}],"author":[{"embeddable":true,"href":"https:\/\/art-therapeute.net\/index.php\/wp-json\/wp\/v2\/users\/1"}],"replies":[{"embeddable":true,"href":"https:\/\/art-therapeute.net\/index.php\/wp-json\/wp\/v2\/comments?post=43"}],"version-history":[{"count":11,"href":"https:\/\/art-therapeute.net\/index.php\/wp-json\/wp\/v2\/pages\/43\/revisions"}],"predecessor-version":[{"id":235,"href":"https:\/\/art-therapeute.net\/index.php\/wp-json\/wp\/v2\/pages\/43\/revisions\/235"}],"wp:attachment":[{"href":"https:\/\/art-therapeute.net\/index.php\/wp-json\/wp\/v2\/media?parent=43"}],"curies":[{"name":"wp","href":"https:\/\/api.w.org\/{rel}","templated":true}]}}