{"id":70,"date":"2019-04-22T18:54:18","date_gmt":"2019-04-22T16:54:18","guid":{"rendered":"http:\/\/art-therapeute.net\/?page_id=70"},"modified":"2021-09-23T09:14:56","modified_gmt":"2021-09-23T07:14:56","slug":"stages-week-end","status":"publish","type":"page","link":"https:\/\/art-therapeute.net\/index.php\/activites\/stages-week-end\/","title":{"rendered":"Expression Picturale et Art-Th\u00e9rapie Analytique"},"content":{"rendered":"\n<p class=\"has-large-font-size\"><em><strong><span class=\"has-inline-color has-luminous-vivid-amber-color\">SE <\/span><span class=\"has-inline-color has-vivid-cyan-blue-color\">VOIR <\/span><span class=\"has-inline-color has-pale-pink-color\">EN <\/span><span class=\"has-inline-color has-vivid-green-cyan-color\">PEINTURE <\/span><span class=\"has-inline-color has-vivid-purple-color\">!<\/span><\/strong><\/em><\/p>\n\n\n\n<p class=\"has-vivid-purple-color has-text-color\"><em>Un cheminement vers la connaissance de Soi<\/em>  <em>qui r\u00e9v\u00e8le les images symboliques issues de notre imaginaire,<\/em>  <em>lib\u00e8re les tensions, favorise l&rsquo;\u00e9quilibre et l&rsquo;harmonie<\/em>  <em>dans le rapport \u00e0 soi, aux autres et \u00e0 la vie<\/em>.   <\/p>\n\n\n\n<p class=\"has-luminous-vivid-orange-color has-text-color\"><strong>Les stages \u00ab\u00a0<em>Se voir en peinture<\/em>\u00a0\u00bb ont lieu un week-end par mois. Choisissez vos dates ! <\/strong><\/p>\n\n\n\n<p class=\"has-vivid-cyan-blue-color has-text-color\" style=\"line-height:0.5\"><strong>2021 :<\/strong> 23-24 octobre \/ 27-28 novembre \/ 18-19 d\u00e9cembre <\/p>\n\n\n\n<p class=\"has-vivid-cyan-blue-color has-text-color\" style=\"line-height:0.5\"><strong>2022 : <\/strong>19-20 f\u00e9vrier \/19-20 mars \/ 23-24 avril \/ 21-22 mai \/ 18-19 juin<\/p>\n\n\n\n<p>L&rsquo;atelier se d\u00e9roule en deux temps : Expression picturale, le samedi Analyse des tableaux, le dimanche. <\/p>\n\n\n\n<p>Aucune comp\u00e9tence particuli\u00e8re, aucun talent artistique ne sont requis pour cet atelier qui n&rsquo;a pas d&rsquo;ambition esth\u00e9tique, et dont les principes fondamentaux sont le non-jugement de soi et des autres, et la bienveillance envers autrui comme envers soi-m\u00eame. <\/p>\n\n\n\n<p>L&rsquo;objectif de cet atelier est de cheminer vers la connaissance de soi au moyen d&rsquo;un jeu cr\u00e9atif bas\u00e9 sur l&rsquo;expression picturale, suivi d&rsquo;une analyse de tableau. <\/p>\n\n\n\n<p class=\"has-luminous-vivid-orange-color has-text-color\"><strong>Informations et inscriptions aupr\u00e8s de Myra :<\/strong><\/p>\n\n\n\n<p class=\"has-vivid-cyan-blue-color has-text-color\"><strong>06 50 70 71 05 &#8211; myra@art-therapeute.net <\/strong><\/p>\n\n\n\n<p class=\"has-text-color\" style=\"color:#424a50\"><strong>Tarif : 145 euros &#8211; Repas partag\u00e9s &#8211; H\u00e9bergement possible (+20 euros)<\/strong><\/p>\n\n\n\n<p><em>Si l&rsquo;argent est un obstacle, n&rsquo;h\u00e9sitez pas \u00e0 en parler, des solutions sont envisageables !<\/em><\/p>\n","protected":false},"excerpt":{"rendered":"<p>SE VOIR EN PEINTURE ! Un cheminement vers la connaissance de Soi qui r\u00e9v\u00e8le les images symboliques issues de notre imaginaire, lib\u00e8re les tensions, favorise l&rsquo;\u00e9quilibre et l&rsquo;harmonie dans le rapport \u00e0 soi, aux autres et \u00e0 la vie. Les stages \u00ab\u00a0Se voir en peinture\u00a0\u00bb ont lieu un week-end par mois. Choisissez vos dates ! &hellip; Continuer la lecture de &laquo;&nbsp;Expression Picturale et Art-Th\u00e9rapie Analytique&nbsp;&raquo;<\/p>\n","protected":false},"author":1,"featured_media":0,"parent":34,"menu_order":0,"comment_status":"closed","ping_status":"closed","template":"","meta":[],"_links":{"self":[{"href":"https:\/\/art-therapeute.net\/index.php\/wp-json\/wp\/v2\/pages\/70"}],"collection":[{"href":"https:\/\/art-therapeute.net\/index.php\/wp-json\/wp\/v2\/pages"}],"about":[{"href":"https:\/\/art-therapeute.net\/index.php\/wp-json\/wp\/v2\/types\/page"}],"author":[{"embeddable":true,"href":"https:\/\/art-therapeute.net\/index.php\/wp-json\/wp\/v2\/users\/1"}],"replies":[{"embeddable":true,"href":"https:\/\/art-therapeute.net\/index.php\/wp-json\/wp\/v2\/comments?post=70"}],"version-history":[{"count":20,"href":"https:\/\/art-therapeute.net\/index.php\/wp-json\/wp\/v2\/pages\/70\/revisions"}],"predecessor-version":[{"id":287,"href":"https:\/\/art-therapeute.net\/index.php\/wp-json\/wp\/v2\/pages\/70\/revisions\/287"}],"up":[{"embeddable":true,"href":"https:\/\/art-therapeute.net\/index.php\/wp-json\/wp\/v2\/pages\/34"}],"wp:attachment":[{"href":"https:\/\/art-therapeute.net\/index.php\/wp-json\/wp\/v2\/media?parent=70"}],"curies":[{"name":"wp","href":"https:\/\/api.w.org\/{rel}","templated":true}]}}

Expression Picturale et Art-Thérapie Analytique

<p class="has-large-font-size"><em><strong><span class="has-inline-color has-luminous-vivid-amber-color">SE </span><span class="has-inline-color has-vivid-cyan-blue-color">VOIR </span><span class="has-inline-color has-pale-pink-color">EN </span><span class="has-inline-color has-vivid-green-cyan-color">PEINTURE </span><span class="has-inline-color has-vivid-purple-color">!</span></strong></em></p>



<p class="has-vivid-purple-color has-text-color"><em>Un cheminement vers la connaissance de Soi</em>  <em>qui révèle les images symboliques issues de notre imaginaire,</em>  <em>libère les tensions, favorise l&rsquo;équilibre et l&rsquo;harmonie</em>  <em>dans le rapport à soi, aux autres et à la vie</em>.   </p>



<p class="has-luminous-vivid-orange-color has-text-color"><strong>Les stages « <em>Se voir en peinture</em> » ont lieu un week-end par mois. Choisissez vos dates ! </strong></p>



<p class="has-vivid-cyan-blue-color has-text-color" style="line-height:0.5"><strong>2021 :</strong> 23-24 octobre / 27-28 novembre / 18-19 décembre </p>



<p class="has-vivid-cyan-blue-color has-text-color" style="line-height:0.5"><strong>2022 : </strong>19-20 février /19-20 mars / 23-24 avril / 21-22 mai / 18-19 juin</p>



<p>L&rsquo;atelier se déroule en deux temps : Expression picturale, le samedi Analyse des tableaux, le dimanche. </p>



<p>Aucune compétence particulière, aucun talent artistique ne sont requis pour cet atelier qui n&rsquo;a pas d&rsquo;ambition esthétique, et dont les principes fondamentaux sont le non-jugement de soi et des autres, et la bienveillance envers autrui comme envers soi-même. </p>



<p>L&rsquo;objectif de cet atelier est de cheminer vers la connaissance de soi au moyen d&rsquo;un jeu créatif basé sur l&rsquo;expression picturale, suivi d&rsquo;une analyse de tableau. </p>



<p class="has-luminous-vivid-orange-color has-text-color"><strong>Informations et inscriptions auprès de Myra :</strong></p>



<p class="has-vivid-cyan-blue-color has-text-color"><strong>06 50 70 71 05 &#8211; myra@art-therapeute.net </strong></p>



<p class="has-text-color" style="color:#424a50"><strong>Tarif : 145 euros &#8211; Repas partagés &#8211; Hébergement possible (+20 euros)</strong></p>



<p><em>Si l&rsquo;argent est un obstacle, n&rsquo;hésitez pas à en parler, des solutions sont envisageables !</em></p>

<p>SE VOIR EN PEINTURE ! Un cheminement vers la connaissance de Soi qui révèle les images symboliques issues de notre imaginaire, libère les tensions, favorise l&rsquo;équilibre et l&rsquo;harmonie dans le rapport à soi, aux autres et à la vie. Les stages « Se voir en peinture » ont lieu un week-end par mois. Choisissez vos dates ! &hellip; Continuer la lecture de &laquo;&nbsp;Expression Picturale et Art-Thérapie Analytique&nbsp;&raquo;</p>
